 - -2)/(20 - (-9196)/(-462)) is divided by 9?
5
Suppose -88*g + 90*g + 3*s - 347 = 0, -5*g - 2*s = -895. What is the remainder when 225 is divided by g?
44
What is the remainder when ((-58)/9 - 216/(-486)) + 585 is divided by 180?
39
Suppose -536*r + 56278 = -38058. Let g(z) = 2*z**2 + 4*z - 3. What is the remainder when r is divided by g(-6)?
41
Suppose t + 3408 = 7*g - 4*g, -5*g - 2*t + 5691 = 0. Calculate the remainder when g is divided by 95.
92
Let r be -1*8/(-6)*21/1. Let b be ((-414)/21)/((-4)/r). Suppose b = 6*p - 5*p. Calculate the remainder when p is divided by 47.
44
Let t = -1 - -23. Let b(a) = 6*a**2 - a + 5. Let o be b(-5). Suppose s - 5*f = 46, -4*f = 4*s - 0*f - o. Calculate the remainder when s is divided by t.
19
Suppose 1450 = 3*a + 307. Suppose 11*t - 1060 - a = 0. What is the remainder when t is divided by 23?
16
Suppose -w + 20 = -11. Let g be (-78)/4*(-40)/60. Suppose 2*s + o = 24, -o + g = -3*s + 4*s. Calculate the remainder when w is divided by s.
9
Suppose -2*k + 120 = 5*n - 65, 0 = -5*k - 3*n + 510. Suppose 0 = 3*u - 5*t + k - 334, -4*u - 2*t + 288 = 0. What is the remainder when 140 is divided by u?
67
Let j(y) = 3*y**2 + 34*y + 65. What is the remainder when j(15) is divided by 114?
110
Let y(m) = -103*m - 704. Calculate the remainder when y(-15) is divided by 278.
7
Suppose 3*h = 2*d - 67, -d - 193 = -6*d - h. What is the remainder when 6/10*(128 - 18) is divided by d?
28
Suppose 10*j = -221 + 61. Let b be ((-12)/3 + -1)*j/20. Suppose -5*u - y + 173 = y, 2*u = b*y + 74. Calculate the remainder when u is divided by 19.
16
Suppose 0 = -5*t + 5*g + 70, -61 - 19 = -5*t + 3*g. Suppose -t*h + 75 + 1008 = 0. Calculate the remainder when 224 is divided by h.
53
Suppose 11*p = 4*p - 5*j + 39819, 4*p - 22758 = -2*j. Calculate the remainder when p is divided by 13.
11
Suppose -v - 1 = -m, 3*v = -4*m + 30 - 5. Calculate the remainder when -35 - -13 - -24 - ((-107 - -1) + 1) is divided by m.
3
Suppose 117 = 9*l - 9. Calculate the remainder when -5*9/(-30)*13*2 is divided by l.
11
Let n = -93 - 15. Let g = n + 114. Let d = g + 30. What is the remainder when d is divided by 20?
16
Let c be (-3)/(-9) + (4 - (-26)/(-6)). Suppose w - 249 = 4*n, -2*w + 4*n + 181 + 305 = c. Calculate the remainder when w is divided by 40.
37
Calculate the remainder when (23 + -34)*1 + 1294 is divided by 43.
36
Suppose -2575 = -515*i + 520*i. Let v = 544 + i. Calculate the remainder when 694 is divided by v.
27
What is the remainder when (-10341)/(-5) + (-252)/210 is divided by 187?
10
Suppose -3150 = -13*t - 29*t. Calculate the remainder when 641 is divided by t.
41
Let d = -6227 - -6266. Calculate the remainder when 774 is divided by d.
33
Let z(r) = 11 - 2 - 3*r - 5*r - 3*r**2 + 2*r. Let w(t) = 10*t**2 + 19*t - 28. Let a(i) = -2*w(i) - 7*z(i). What is the remainder when 69 is divided by a(3)?
13
Let n = 107 + -22. Suppose -316 + 190 = -7*x. What is the remainder when n is divided by x?
13
Let m(y) = y**2 - 5*y + 5. Let x be m(5). Let t be 24/60 + 18/x. Suppose 0 = t*v - 82 + 6. What is the remainder when 111 is divided by v?
16
Let w(g) = -121 + 11*g + 9 - 62 + 61. Calculate the remainder when 28 is divided by w(11).
4
Let k(j) = j**2 - 19*j + 82. Let c be k(5). Suppose 6 = c*w - 90. Calculate the remainder when 20 + 1 + 1*-2 is divided by w.
3
Suppose 0 = 5*c - 4*x - 16, 2*c + c - 4 = x. Suppose c = -7*l + 11*l + 5*j - 35, -2*l + j + 35 = 0. Calculate the remainder when 48 is divided by l.
3
Let z = 2986 + -2884. Suppose 4 = 4*t, -5*t = -k + 4*k - 383. Let q = k - z. Calculate the remainder when q is divided by 14.
10
Suppose -3*k = 4*q + 13, 5*q + 19 = -3*k + 5. Calculate the remainder when 40 is divided by q + (-182)/(-14 - -7).
15
Let g = -12 - -20. Suppose 12*c - 13 = -c. What is the remainder when (9 + 26)*(0 + c) is divided by g?
3
Let d(o) = -53*o**2 + 607*o + 35. What is the remainder when d(11) is divided by 20?
19
Calculate the remainder when (492/21)/((-29)/(-203)) is divided by 52.
8
Suppose 0 = 8*n + 127*n - 39690. What is the remainder when n is divided by 41?
7
Suppose 42*k + 2*s = 44*k - 1806, -k + 913 = 4*s. Calculate the remainder when k is divided by 39.
8
Suppose 38 = 29*p - 107. Calculate the remainder when 946 is divided by p.
1
Let z(j) = 2*j**2 - 121*j - 2329. Calculate the remainder when 295 is divided by z(76).
25
Let g = -7306 - -10455. What is the remainder when g is divided by 288?
269
Calculate the remainder when 5878 is divided by (-2)/7 - (4/18 + (-199890)/2835).
68
Let t = -14 + 25. Suppose 3*h - 83 = 5*l - 8, -4*l - 12 = 0. Suppose h = -0*g + g. Calculate the remainder when g is divided by t.
9
Let m(v) = -6*v - 43. Let q be m(-8). Suppose q*o + 8 = 3*d + 4, 3*d - 8 = o. Let r(u) = u**3 - u + 1. Calculate the remainder when r(1) is divided by o.
0
Suppose o = 43*w - 45*w + 22, -5*o + 4*w = -180. What is the remainder when 1661 is divided by o?
29
Suppose 0 = 3*h - 7*h + 3*x + 196, 4*x = 4*h - 192. What is the remainder when 1790 is divided by h?
22
Suppose -71*i + 17050 = 611*i. Let c(n) = -n**3 - n**2 + 102. Calculate the remainder when c(0) is divided by i.
2
Let y = 727 - 502. Calculate the remainder when y is divided by 192.
33
Let o(g) = 31*g - 77. Let w be o(5). Suppose -3*d + 0*j + w = -3*j, -j = 2*d - 43. What is the remainder when 35 is divided by d?
12
Let k be (-1 - 25)/(-1) + -3 + 1. Let j = k + -6. Suppose -j*r + 15*r = -27. Calculate the remainder when 43 is divided by r.
7
Suppose 0 = -2*r + 3*r. Suppose d - 20 = -2*f, d = -r*d. Suppose -7*q = -2*q - 85. What is the remainder when q is divided by f?
7
Let j(b) = b**3 + 15*b**2 - 17*b - 14. Let m(x) = 2*x**3 - 10*x**2 + 9*x + 2. Calculate the remainder when m(4) is divided by j(-16).
0
Let d(g) = -g**3 + 4*g**2 + g - 2. Let o be d(4). Let h(n) = o - 15*n - n**2 + 2*n + n. What is the remainder when 12 is divided by h(-12)?
0
Suppose -61 = -w - 5*b, 21*w - 2*b + 282 = 26*w. What is the remainder when 186 is divided by w?
18
Let d(g) = 3*g**2 + 12*g + 22. Let c = -64 + 69. Suppose x + 3*z + 15 = -0*z, 0 = -c*x - 5*z - 45. What is the remainder when d(x) is divided by 12?
10
Let c be ((-12)/(-9) - 1)/((-2)/(-2928)). Let l = c - 282. Calculate the remainder when l is divided by 19.
16
Suppose 11*u + 15*u = 6448. Calculate the remainder when u is divided by 237.
11
Let o(v) = -11*v - 72. Let w be o(-10). Let r(j) = -5*j + 5. Let z be r(6). Let y = w + z. Calculate the remainder when 35 is divided by y.
9
Suppose 5*z + 366 - 951 = 0. Suppose -157*y - 42 = -158*y - 6*u, -3*u + 126 = 4*y. Calculate the remainder when z is divided by y.
27
Let g(s) = -241*s**2 - s**3 + 27 + 113*s**2 + 101*s**2 + 28*s. What is the remainder when 214 is divided by g(-28)?
25
Suppose 5*h + 4807 = 4*x, 64*x + 4*h - 4780 = 60*x. What is the remainder when x is divided by 3?
1
Suppose 5*j = 4*c + 66, 5*j = c - 2*c + 46. What is the remainder when 40 + (-1)/((-6 - -1)/j) is divided by 3?
0
Suppose 799 = 22*k - 521. Calculate the remainder when 9 is divided by 24/k - (-23)/5.
4
Suppose 0 = 367*q - 71*q - 23800 - 4912. What is the remainder when 1152 is divided by q?
85
Let k be (20 - 4 - -3) + -3. Suppose -k*w = -27*w + 539. What is the remainder when w is divided by 17?
15
Suppose 4*f + 11 = -h, 5*f + 1 + 12 = -2*h. Let u be -2 + 0 - 2*(-2 + h). Calculate the remainder when 4 is divided by (u - (-4 - -6))*1/(-1).
0
Suppose 0 = -8*f - f + 36. Calculate the remainder when 105 is divided by 264/36*(-1 + f/1).
17
Let c(m) = 15*m + 80. Let s be 3*((-1 - 0) + 2). What is the remainder when c(-5) is divided by (4/s)/(2/3)?
1
Let q = -43 + 79. Calculate the remainder when -6 - (-115 + (-5 - -7) - -5) is divided by q.
30
Let v(z) = 2*z - 36. Let a(h) = -10*h + 180. Let x(j) = 3*a(j) + 14*v(j). Let t be x(17). Let f = t - -33. What is the remainder when 102 is divided by f?
32
Let g = -39 + 139. Let w = 198 - g. Suppose 844*c = 848*c - 132. Calculate the remainder when w is divided by c.
32
Suppose 2*t - 6*t + d = -881, 1096 = 5*t + 4*d. Let w = t - 206. What is the remainder when 45 is divided by w?
3
Suppose 0*t = 5*t - 15. Let w be (60/(-70))/((-7)/245). Suppose a = t*a - w. What is the remainder when 40 is divided by a?
10
Suppose -86*p + 41*p = -38160. Calculate the remainder when p